{"id":14,"date":"2018-09-02T20:31:45","date_gmt":"2018-09-02T20:31:45","guid":{"rendered":"http:\/\/www.judo-club-wetzlar.de\/?page_id=14"},"modified":"2025-03-12T08:32:16","modified_gmt":"2025-03-12T08:32:16","slug":"startseite","status":"publish","type":"page","link":"https:\/\/www.judo-club-wetzlar.de\/","title":{"rendered":"Startseite"},"content":{"rendered":"\n<h2 class=\"wp-block-heading\"> Herzlich Willkommen auf der Internetpr\u00e4senz des Judo-Club Wetzlar <\/h2>\n\n\n\n<p>Wir sind seit \u00fcber 60 Jahren der Wetzlarer Verein f\u00fcr traditionellen Kampfsport und moderne Selbstverteidigung.<br> In unseren Abteilungen Judo, Karate und Ju-Jutsu werdet Ihr von lizensierten \u00dcbungsleitern betreut und trainiert in einer famili\u00e4ren und freundlichen Atmosph\u00e4re.<br> Egal ob Ihr nur ein neues spannendes Hobby sucht, etwas f\u00fcr Eure Fitness und Selbstverteidigung tun m\u00f6chtet oder aber auch Interesse am ambitionierten Leistungssport habt, bei uns findet jeder das Richtige.<br> Wir haben Gruppen f\u00fcr jung bis alt und vom Freizeitsportler bis hin zum Nationalkaderathleten. Schaut einfach in unsere Trainingszeiten\u00fcbersicht und kommt auf ein kostenloses Probetraining vorbei!<\/p>\n\n\n\n<p><\/p>\n","protected":false},"excerpt":{"rendered":"<p>Herzlich Willkommen auf der Internetpr\u00e4senz des Judo-Club Wetzlar Wir sind seit \u00fcber 60 Jahren der Wetzlarer Verein f\u00fcr traditionellen Kampfsport und moderne Selbstverteidigung. In unseren Abteilungen Judo, Karate und Ju-Jutsu werdet Ihr von lizensierten \u00dcbungsleitern betreut und trainiert in einer famili\u00e4ren und freundlichen Atmosph\u00e4re. Egal ob Ihr nur ein neues spannendes Hobby sucht, etwas f\u00fcr &hellip; <a href=\"https:\/\/www.judo-club-wetzlar.de\/\" class=\"more-link\"><span class=\"screen-reader-text\">Startseite<\/span> weiterlesen<\/a><\/p>\n","protected":false},"author":2,"featured_media":0,"parent":0,"menu_order":0,"comment_status":"closed","ping_status":"closed","template":"","meta":{"jetpack_post_was_ever_published":false,"footnotes":""},"tags":[],"class_list":["post-14","page","type-page","status-publish","hentry","no-featured-image"],"jetpack_shortlink":"https:\/\/wp.me\/PaFs5A-e","jetpack_sharing_enabled":true,"_links":{"self":[{"href":"https:\/\/www.judo-club-wetzlar.de\/index.php?rest_route=\/wp\/v2\/pages\/14","targetHints":{"allow":["GET"]}}],"collection":[{"href":"https:\/\/www.judo-club-wetzlar.de\/index.php?rest_route=\/wp\/v2\/pages"}],"about":[{"href":"https:\/\/www.judo-club-wetzlar.de\/index.php?rest_route=\/wp\/v2\/types\/page"}],"author":[{"embeddable":true,"href":"https:\/\/www.judo-club-wetzlar.de\/index.php?rest_route=\/wp\/v2\/users\/2"}],"replies":[{"embeddable":true,"href":"https:\/\/www.judo-club-wetzlar.de\/index.php?rest_route=%2Fwp%2Fv2%2Fcomments&post=14"}],"version-history":[{"count":4,"href":"https:\/\/www.judo-club-wetzlar.de\/index.php?rest_route=\/wp\/v2\/pages\/14\/revisions"}],"predecessor-version":[{"id":5444,"href":"https:\/\/www.judo-club-wetzlar.de\/index.php?rest_route=\/wp\/v2\/pages\/14\/revisions\/5444"}],"wp:attachment":[{"href":"https:\/\/www.judo-club-wetzlar.de\/index.php?rest_route=%2Fwp%2Fv2%2Fmedia&parent=14"}],"wp:term":[{"taxonomy":"post_tag","embeddable":true,"href":"https:\/\/www.judo-club-wetzlar.de\/index.php?rest_route=%2Fwp%2Fv2%2Ftags&post=14"}],"curies":[{"name":"wp","href":"https:\/\/api.w.org\/{rel}","templated":true}]}}