{"id":46,"date":"2018-09-02T20:51:47","date_gmt":"2018-09-02T20:51:47","guid":{"rendered":"http:\/\/www.judo-club-wetzlar.de\/?page_id=46"},"modified":"2020-10-16T13:02:31","modified_gmt":"2020-10-16T13:02:31","slug":"brazilian-jiu-jitsu","status":"publish","type":"page","link":"https:\/\/www.judo-club-wetzlar.de\/?page_id=46","title":{"rendered":"Brazilian Jiu Jitsu"},"content":{"rendered":"<p>Das Brazilian Jiu Jitsu ist\u00a0 Weiterentwicklung des traditionellen japanischen Jiu Jitsu und geh\u00f6rt zur Familie der Grappling-Stile. Dies umfasst ringerische Kampsportarten, die den Schwerpunkt auf Greifen, Werfen, Hebeln und W\u00fcrgen anstelle von Schlagen und Treten legen.<\/p>\n<div style=\"width: 712px;\" class=\"wp-video\"><video class=\"wp-video-shortcode\" id=\"video-46-1\" width=\"712\" height=\"401\" preload=\"metadata\" controls=\"controls\"><source type=\"video\/mp4\" src=\"https:\/\/www.judo-club-wetzlar.de\/wp-content\/uploads\/2020\/10\/Untitled.mp4?_=1\" \/><a href=\"https:\/\/www.judo-club-wetzlar.de\/wp-content\/uploads\/2020\/10\/Untitled.mp4\">https:\/\/www.judo-club-wetzlar.de\/wp-content\/uploads\/2020\/10\/Untitled.mp4<\/a><\/video><\/div>\n<p><em>Impressionen vom Leistungsst\u00fctzpunkt BJJ &#8211; Vielen Dank an den K\u00fcnstler Paradox f\u00fcr die Hintergrundmusik &#8222;Alive on Arrival [Instrumental] (feat. Erik Jackson)<\/em>&#8220;<\/p>\n<p>Das BJJ-Team des Judo-Clubs Wetzlar trainiert seit 2008, mittlerweile dreimal pro Woche. Wir tauschen uns regelm\u00e4\u00dfig mit befreundeten Vereinen und in Form von Lehrg\u00e4ngen und Trainingscamps mit anderen Sportlern aus. Weiterhin geh\u00f6ren wir den <a href=\"http:\/\/bjjglobetrotters.com\">BJJ Globetrotters<\/a> an, Globetrotter aus der ganzen Welt sind bei uns immer herzlich willkommen.<\/p>\n<p><img loading=\"lazy\" decoding=\"async\" class=\"alignnone wp-image-233\" src=\"http:\/\/www.judo-club-wetzlar.de\/wp-content\/uploads\/2018\/09\/BJJ-1-300x200.jpg\" alt=\"\" width=\"330\" height=\"220\" srcset=\"https:\/\/www.judo-club-wetzlar.de\/wp-content\/uploads\/2018\/09\/BJJ-1-300x200.jpg 300w, https:\/\/www.judo-club-wetzlar.de\/wp-content\/uploads\/2018\/09\/BJJ-1-768x512.jpg 768w, https:\/\/www.judo-club-wetzlar.de\/wp-content\/uploads\/2018\/09\/BJJ-1-1024x682.jpg 1024w, https:\/\/www.judo-club-wetzlar.de\/wp-content\/uploads\/2018\/09\/BJJ-1-1080x720.jpg 1080w, https:\/\/www.judo-club-wetzlar.de\/wp-content\/uploads\/2018\/09\/BJJ-1.jpg 2000w\" sizes=\"auto, (max-width: 330px) 100vw, 330px\" \/>\u00a0\u00a0 <img loading=\"lazy\" decoding=\"async\" class=\"alignnone wp-image-234\" src=\"http:\/\/www.judo-club-wetzlar.de\/wp-content\/uploads\/2018\/09\/BJJ-6-1024x682.jpg\" alt=\"\" width=\"330\" height=\"220\" srcset=\"https:\/\/www.judo-club-wetzlar.de\/wp-content\/uploads\/2018\/09\/BJJ-6-1024x682.jpg 1024w, https:\/\/www.judo-club-wetzlar.de\/wp-content\/uploads\/2018\/09\/BJJ-6-300x200.jpg 300w, https:\/\/www.judo-club-wetzlar.de\/wp-content\/uploads\/2018\/09\/BJJ-6-768x512.jpg 768w, https:\/\/www.judo-club-wetzlar.de\/wp-content\/uploads\/2018\/09\/BJJ-6-1080x720.jpg 1080w, https:\/\/www.judo-club-wetzlar.de\/wp-content\/uploads\/2018\/09\/BJJ-6.jpg 2000w\" sizes=\"auto, (max-width: 330px) 100vw, 330px\" \/><\/p>\n<p>Die BJJ-Wettk\u00e4mpfer haben in den letzten Jahren immer wieder erfolgreich an Wettk\u00e4mpfen teilgenommen und konnten nationale wie internationale Erfolge erreichen.<\/p>\n<p><img loading=\"lazy\" decoding=\"async\" class=\"wp-image-255 aligncenter\" src=\"http:\/\/www.judo-club-wetzlar.de\/wp-content\/uploads\/2018\/09\/35653242_610157932684206_4695829753515474944_o-2-300x199.jpg\" alt=\"\" width=\"450\" height=\"299\" srcset=\"https:\/\/www.judo-club-wetzlar.de\/wp-content\/uploads\/2018\/09\/35653242_610157932684206_4695829753515474944_o-2-300x199.jpg 300w, https:\/\/www.judo-club-wetzlar.de\/wp-content\/uploads\/2018\/09\/35653242_610157932684206_4695829753515474944_o-2-768x510.jpg 768w, https:\/\/www.judo-club-wetzlar.de\/wp-content\/uploads\/2018\/09\/35653242_610157932684206_4695829753515474944_o-2-1024x680.jpg 1024w, https:\/\/www.judo-club-wetzlar.de\/wp-content\/uploads\/2018\/09\/35653242_610157932684206_4695829753515474944_o-2-1080x717.jpg 1080w, https:\/\/www.judo-club-wetzlar.de\/wp-content\/uploads\/2018\/09\/35653242_610157932684206_4695829753515474944_o-2.jpg 2028w\" sizes=\"auto, (max-width: 450px) 100vw, 450px\" \/><\/p>\n","protected":false},"excerpt":{"rendered":"<p>Das Brazilian Jiu Jitsu ist\u00a0 Weiterentwicklung des traditionellen japanischen Jiu Jitsu und geh\u00f6rt zur Familie der Grappling-Stile. Dies umfasst ringerische Kampsportarten, die den Schwerpunkt auf Greifen, Werfen, Hebeln und W\u00fcrgen anstelle von Schlagen und Treten legen. Impressionen vom Leistungsst\u00fctzpunkt BJJ &#8211; Vielen Dank an den K\u00fcnstler Paradox f\u00fcr die Hintergrundmusik &#8222;Alive on Arrival [Instrumental] (feat. &hellip; <a href=\"https:\/\/www.judo-club-wetzlar.de\/?page_id=46\" class=\"more-link\"><span class=\"screen-reader-text\">Brazilian Jiu Jitsu<\/span> weiterlesen<\/a><\/p>\n","protected":false},"author":2,"featured_media":0,"parent":0,"menu_order":0,"comment_status":"closed","ping_status":"closed","template":"","meta":{"jetpack_post_was_ever_published":false,"footnotes":""},"tags":[],"class_list":["post-46","page","type-page","status-publish","hentry","no-featured-image"],"jetpack_shortlink":"https:\/\/wp.me\/PaFs5A-K","jetpack_sharing_enabled":true,"_links":{"self":[{"href":"https:\/\/www.judo-club-wetzlar.de\/index.php?rest_route=\/wp\/v2\/pages\/46","targetHints":{"allow":["GET"]}}],"collection":[{"href":"https:\/\/www.judo-club-wetzlar.de\/index.php?rest_route=\/wp\/v2\/pages"}],"about":[{"href":"https:\/\/www.judo-club-wetzlar.de\/index.php?rest_route=\/wp\/v2\/types\/page"}],"author":[{"embeddable":true,"href":"https:\/\/www.judo-club-wetzlar.de\/index.php?rest_route=\/wp\/v2\/users\/2"}],"replies":[{"embeddable":true,"href":"https:\/\/www.judo-club-wetzlar.de\/index.php?rest_route=%2Fwp%2Fv2%2Fcomments&post=46"}],"version-history":[{"count":28,"href":"https:\/\/www.judo-club-wetzlar.de\/index.php?rest_route=\/wp\/v2\/pages\/46\/revisions"}],"predecessor-version":[{"id":1181,"href":"https:\/\/www.judo-club-wetzlar.de\/index.php?rest_route=\/wp\/v2\/pages\/46\/revisions\/1181"}],"wp:attachment":[{"href":"https:\/\/www.judo-club-wetzlar.de\/index.php?rest_route=%2Fwp%2Fv2%2Fmedia&parent=46"}],"wp:term":[{"taxonomy":"post_tag","embeddable":true,"href":"https:\/\/www.judo-club-wetzlar.de\/index.php?rest_route=%2Fwp%2Fv2%2Ftags&post=46"}],"curies":[{"name":"wp","href":"https:\/\/api.w.org\/{rel}","templated":true}]}}